ose x*q - q = -77. Is q prime?
False
Suppose -3*u = 13 + 2, -u = -3*t - 157. Suppose 8*h - 4*h = 788. Let v = h - t. Is v composite?
False
Let s(z) = -1236*z**2 + 4*z + 7. Let j be s(-2). Let g = 9426 + j. Is g composite?
False
Let s(c) = -25*c**2 + 3*c + 1. Let d be s(-1). Let l = d + 226. Is l prime?
True
Is (6319/284)/(1/28) a prime number?
False
Let n(c) = -2*c**2 - 17*c + 1. Let u(x) = -x**2 - 9*x. Let p(a) = -4*n(a) + 7*u(a). Let g be p(-6). Let b(k) = 36*k**3 + 3*k**2 - 2*k + 3. Is b(g) composite?
True
Let a = 3661 - 2504. Is a composite?
True
Suppose -1615 = -5*p + 2*g, 4*p = -g + 6*g + 1309. Let z(m) = 2*m**2 - 4*m + 2. Let j be z(6). Let x = p - j. Is x composite?
False
Let o be (-1 - 6)/(11/(-77)). Let h = o - 33. Suppose 5*b = -4*n + 1331, h = 5*b + 1. Is n a prime number?
False
Let c = -8188 - -18287. Is c composite?
False
Let x(m) = -m**3 + 5*m**2 + 2*m + 7. Let z be x(5). Suppose -g - z = -288. Is g composite?
False
Let t = 63 - 89. Let j = t - -44. Suppose j = c + x, -15 = -0*c - 2*c + 5*x. Is c a prime number?
False
Suppose -14 + 4 = 2*n, 5*n + 35 = 5*a. Suppose 706 = 4*z - a*z. Is z composite?
False
Let c(u) = -5 + 14 + 2 - 20*u + 6. Is c(-4) composite?
False
Suppose 5*f - 2 - 2 = -x, 2 = -2*f. Suppose -x*p + 740 = -1051. Is p a composite number?
False
Let s be 3/15 - (-9)/5. Suppose u - 4*w = 357, u - s*w = -23 + 390. Let n = -126 + u. Is n composite?
False
Is 2 + (-117674)/(-14) - 12/42 a prime number?
False
Suppose 19*x - 16*x - 70362 = 5*v, 4*v = -5*x + 117307. Is x composite?
False
Let v = 60 + -51. Suppose -7*c - 4102 = -v*c. Is c a composite number?
True
Suppose -5*b = -3*a + 3206, 185*a - 4264 = 181*a - 4*b. Is a prime?
False
Suppose 9*o - 10*o = 104. Let w = o + 156. Is 13/(w/168) + 1 prime?
True
Suppose 0 = 3*s - d - 78454 - 14738, 4*s - 124237 = -5*d. Is s composite?
False
Let a(z) = -333*z - 68. Is a(-27) a prime number?
True
Let f be 8/14*49/14. Suppose 5*j = 2*g + f*j - 28, 0 = 5*g - 3*j - 70. Suppose 1685 = -9*c + g*c. Is c composite?
False
Suppose 579 = 2*y + 77. Suppose -y = -5*t + 644. Is t composite?
False
Let g(s) = -31*s + 36. Let p = 31 + -42. Is g(p) a prime number?
False
Let l(c) = -390*c - 1. Let j = -58 + 56. Is l(j) a prime number?
False
Let j(l) = 3*l**2 + 4*l - 5. Let t(s) = s + 8. Let k be t(-6). Suppose k*x - 10 = 2. Is j(x) a prime number?
True
Let y(q) be the third derivative of -455*q**4/24 + 11*q**3/6 - 2*q**2 + 9*q. Is y(-4) a prime number?
True
Let b(r) = 46*r - 63. Let k be b(15). Suppose -10*f + 1963 = -k. Is f a composite number?
True
Let k(l) = -9*l + 18. Let w be k(-14). Suppose 4*a = 76 + w. Is a a prime number?
False
Let g(w) = -3*w + 48. Let j be g(15). Is -1*3 - 14*(-79 + j) composite?
False
Suppose -1017 = 9*c - 6*c. Let z = 1154 + c. Is z a prime number?
False
Let c(o) = -9*o**3 - 6*o**2 - 3*o - 5. Suppose 2*u = -8 - 4. Let k be c(u). Suppose 3*b + 2*j = k, -5*b = -3*j - 3361 + 453. Is b a prime number?
False
Is (6/18)/((-2)/(-79410)) composite?
True
Suppose p + n - 15 = 0, 4*p - n = p + 29. Let y = p + 1. Suppose -t = -v - 772, 0*v = -4*v - y. Is t composite?
False
Suppose -4*z - 7 = -3. Is (-454)/z - (4 - 1) prime?
False
Suppose 49660 = -14*t + 15*t - w, 0 = -2*t - 4*w + 99338. Is t prime?
True
Suppose 0 = -3*f + 4*s + 2349, 0*f + 5*f - s - 3932 = 0. Is f a prime number?
True
Let v(y) = -y**3 + 5*y**2 + 6*y + 2. Let g be v(6). Suppose -52 = -g*q - 16. Is ((-9)/q)/(1/(-178)) composite?
False
Suppose 4*g + 1246 = 5*g. Suppose -3*i + g = -191. Is i composite?
False
Let b = 34 + 233. Is b a composite number?
True
Suppose -3*z + 63 = -6*z - c, z = 4*c - 34. Is (-18242)/z + 4/(-22) a prime number?
True
Let a(z) = 120*z**3 + z**2 + 8*z - 2. Is a(3) a prime number?
True
Suppose 0 = 5*n - 33 + 8. Suppose -5*h = -n*y + 1905, -4*y + 3*h + 1529 = 4*h. Suppose -3*c - 129 = -4*t + y, 3*c + 384 = 3*t. Is t prime?
True
Suppose 4*w + 16 = 0, 4*z - z + w = 2657. Is z prime?
True
Let t = -43814 + 68257. Is t prime?
True
Let i = 13 + -4. Is (-6)/(-4)*(13998/i - 0) composite?
False
Let j(p) = 61173*p - 82. Is j(1) composite?
False
Let v(u) = u**2 - 7*u + 7. Let z be 5/(4/(0 + 4)). Let b be v(z). Is 19 + (-1 - (2 + b)) composite?
False
Suppose -5*r = -s - 78741, -2*s + 63016 = 4*r + 3*s. Is r composite?
False
Let t be 4/(-10) - (-411)/15. Suppose -207 = -z + 3*b, 0 = z + 3*b - 168 - t. Is z composite?
True
Let y = -5858 + 27325. Is y a composite number?
False
Let m(v) = -2 + 5*v + 0*v + 2*v**3 - 3 - 4*v**2. Let n be m(2). Suppose -6*s = -n*s - 103. Is s prime?
True
Suppose -5*q - 101259 = -2*m, 2*m + 3*q = 47872 + 53427. Is m prime?
False
Suppose -5*n - 19 = 4*t - 1, n + 15 = 3*t. Let u(i) = i + 1. Let b(f) = -68*f + 6. Let v(y) = b(y) + 5*u(y). Is v(n) a composite number?
False
Suppose 1644496 - 4655031 = -55*z. Is z composite?
True
Let r(v) = -12541*v + 22. Is r(-3) composite?
True
Let a(d) = d**2 - 3*d + 16. Let n be a(4). Is (-14380)/8*((-44)/n + 1) prime?
False
Suppose 5040 = 6*i - 6450. Let v = i + -242. Is v a composite number?
True
Suppose o - 13448 = -3*y - 0*o, 2*y + 4*o = 8982. Is y a prime number?
True
Is 166/581 - (-110610)/14 a composite number?
False
Suppose 4*s = 107 - 431. Let c be 8/(-14) - (-53372)/154. Let i = c - s. Is i a composite number?
True
Suppose 2*p = -3*t + 9, 6*t - 2*t - 2*p = 12. Suppose -4*y - l - 2*l = -347, -t*y - 5*l + 274 = 0. Is y composite?
False
Let a(y) = -14*y**3 - 10*y**2 - 11*y + 13. Is a(-6) composite?
True
Suppose 4 = -5*k - 3*w + 22, 4*k + 5*w - 17 = 0. Let c = -13 - -11. Is k*(2*c)/(-2) composite?
True
Let u(v) = -v**2 - 7*v + 5. Let m be u(-7). Let n be -5*((-2)/(-1) + -3). Suppose -m*a - 15 = 0, -d + 2770 = 4*d - n*a. Is d a composite number?
True
Let t be 2/(-2) + 1 + 317. Suppose 5*q - t = 1098. Suppose 5*l = q - 28. Is l a prime number?
False
Let c(w) = 754*w**2 + 22*w + 167. Is c(-6) composite?
False
Let q(s) = -s**3 - 10*s**2 + 10*s - 9. Let g(d) = -d**3 - 10*d**2 + 2*d + 9. Let j be g(-10). Let x be q(j). Is (x*39/6)/1 a prime number?
True
Suppose m = 3*c + 86, -2*c = -7*c - 3*m - 120. Is (-2113)/(-9) - 6/c a composite number?
True
Suppose 0*l = l - 293. Suppose 1515 + l = 4*q. Suppose -5*f - j + 746 = -2*j, -3*f = -5*j - q. Is f a composite number?
False
Let j = 77 - 112. Is 3/15 - 28728/j prime?
True
Suppose 0 = 5*f + 3*i - 1015, 3*i + 2*i = -3*f + 625. Let r = -78 + f. Is r composite?
True
Let u(m) = 62*m**2 + 3*m - 4. Let c be u(-3). Let k = -236 + c. Suppose -k = 3*y - 6*y. Is y composite?
False
Suppose -q - 2*b + 17 = 2*b, 2*b = q - 5. Suppose 0 = u + u + 3*r + q, -r = -5*u - 31. Is 36795/45 + 4/u a composite number?
True
Suppose -5*z = 4*k - 6*k + 3496, 4*z + 3498 = 2*k. Is k prime?
True
Let j = -14436 - -46137. Is j a prime number?
False
Suppose h = -5*j + 2*j - 91, -h + 2 = 0. Suppose 0 = 5*b + 539 - 214. Let z = j - b. Is z composite?
True
Suppose -2*f = -15 + 1. Let x = -9 + f. Is -2*(-75)/(-12)*x a composite number?
True
Let c(j) = -37*j**2 - 3*j + 12. Let k be c(-5). Is k/(-6) - ((-22)/(-6) - 3) a prime number?
True
Suppose -2*n - 853 + 4719 = 0. Let c = -674 + n. Is c composite?
False
Let x(j) = j**3 - 12*j**2 + 12*j - 9. Let w be x(11). Suppose 5*q - 26 = -d, -w*d - 3*q - 18 = -7*d. Let n(u) = u**3 - 2*u**2 - 7*u - 8. Is n(d) a prime number?
False
Suppose 9*d + 20511 - 73665 = 0. Is d a prime number?
False
Let i(c) be the third derivative of c**6/120 - c**5/30 - c**4 + 11*c**3/3 - 19*c**2. Is i(9) a prime number?
True
Let w = 536 + 49. Suppose -w = -3*u - 2*u. Let f = -28 + u. Is f prime?
True
Suppose -3*z = -5*n + 2*z - 15, 4*n - 2*z + 14 = 0. Let g(l) = -2*l**3 - 6*l**2 + 1. Is g(n) prime?
False
Suppose 9*o + 3218 = -2353. Let g be (-7201)/(-5) - 2/10. Let r = g + o. Is r prime?
True
Let j = -11948 + 21681. Is j composite?
False
Suppose 2*m - 3 = -x + 6, 5*x - 18 = -m. Suppose a - v - 59 = 131, m*a - 610 = -5*v. Suppose 0 = 10*y - 5*y - a. Is y composite?
True
Let o(v) = -8*v + 3. Let q be o(-5). Let n be 20/50 - q/(-5). Is 1717/n + (-8)/(-36) composite?
False
Suppose 0 = -a - 1 + 7. Suppose -a = f + f. Is (-9)/f - (-72 + -2) a composite number?
True
Suppose 0 = 3*r - 4 - 2. Suppose 4*q - 148 = r*q. Is q/((-1)/(-2)*4) a composite number?
False
Let r(q) be the first derivative of q**4/4 + 16*q**3/3 - q**2/2 - 13*q + 7. Let